r when d(3) is divided by 18?
15
Let a(n) = n**2 + 5*n + 3. Let s(c) = c**3 + 26*c**2 + 17. Calculate the remainder when s(-26) is divided by a(-6).
8
Let i be (-3 - 2)*-1*1. Suppose 3*r - 27 = i*k, -5*k + 10 + 5 = 0. What is the remainder when r is divided by 8?
6
Suppose a - 5*a + 16 = -h, -4*a = 4*h - 36. Suppose 8*o + 5*z - 10 = 3*o, 2*o + h = -4*z. Calculate the remainder when 21 is divided by o.
3
Suppose 3*i = -15, 3*m + 3*i - 4 = -1. Suppose -r = r. Suppose -3*a - 4*k = -4 - 30, r = -4*k + 4. Calculate the remainder when a is divided by m.
4
Let b(h) = 4*h + 1. Let o be b(2). Let f be -10*(o/(-6))/3. Suppose -24 = 3*u - f*u + 2*m, 0 = -2*u - 3*m + 39. Calculate the remainder when 44 is divided by u.
14
Let p = -7 - -15. Suppose 0 = 2*u - 3 - 1. Suppose -2*f - 5*o + 44 = 0, 2*f - o = -u*f + 88. Calculate the remainder when f is divided by p.
6
Let z = -92 - -123. Calculate the remainder when 92 is divided by z.
30
Let o(z) = 12*z**3 - z**2 + 2*z - 1. What is the remainder when 33 is divided by o(1)?
9
Let k = 138 - -15. Calculate the remainder when k is divided by 39.
36
Let p(n) = -3*n + 21. What is the remainder when p(-14) is divided by 16?
15
Let f = -53 - -76. Let a = -1 + 4. Suppose -2*p = a*p - 40. Calculate the remainder when f is divided by p.
7
Let g(r) = -2*r + 29. Calculate the remainder when 75 is divided by g(5).
18
Suppose -5*k - 7 = -m - 1, -2*k + 165 = 5*m. What is the remainder when 308 is divided by m?
29
Suppose 3*x = 2*x + 9. Let d = -21 + 54. Let p = -16 + d. Calculate the remainder when p is divided by x.
8
Let r = -9 + 47. What is the remainder when r is divided by 8?
6
Let t = 4 + 16. Suppose -40 + 0 = -5*z. Let b = t - z. What is the remainder when b is divided by 5?
2
Suppose -4*h = -2*h - 4*c - 96, -4*c + 168 = 4*h. Suppose 4*p - 71 = -5*x, -3*x + 70 = 2*x + 5*p. What is the remainder when h is divided by x?
14
Let p(z) = -z**2 - 4*z - 2. Let j be 5 + -3 - (-6 - -2). What is the remainder when (0 - (3 - j)) + -1 is divided by p(-3)?
0
Let i = 70 + -48. Calculate the remainder when i is divided by 12.
10
Let i be 1 - (-2 + (1 - 0)). Let l = -278 + 301. Calculate the remainder when l is divided by (12/5)/(i/10).
11
What is the remainder when 30 is divided by 36/6*(-8)/(-6)?
6
Let n(a) = 81*a**3 - 2*a + 1. Let q be n(1). Suppose -q = -2*v + 4*m, 0*v = -2*v + 3*m + 81. What is the remainder when v is divided by 11?
9
Suppose -15 - 5 = -4*g. Calculate the remainder when 24 is divided by g.
4
Let m = 5 + -3. Suppose 15 = m*g - 3*c, -4*c + 14 = 3*g - 0*g. Calculate the remainder when 11 is divided by g.
5
Let k(x) = x**2 - 7*x - 53. Calculate the remainder when k(14) is divided by 24.
21
Let l be (-5)/((-10)/4) - 5. Let h = l - -7. What is the remainder when 13 is divided by h?
1
Suppose 0 = -2*c + 4 - 0. Let j = 3 - 2. Suppose d + j = 3*g - 1, -g + 6 = 5*d. What is the remainder when c is divided by g?
0
Let o(p) = -5*p - 4*p**2 + 2*p**2 - 1 + p**2 + 3*p**2. What is the remainder when 19 is divided by o(4)?
8
What is the remainder when 102 is divided by (-52)/((-4 + 7)/((-9)/6))?
24
Suppose 2*c - 2*k - 24 = 0, 2*c + 4*k = -4 + 28. Calculate the remainder when 46 is divided by 5*-1*c/(-5).
10
Let n(w) = 2*w**2 - w + 2. What is the remainder when (2/1 + (3 - 6))*-49 is divided by n(3)?
15
Let t(w) = w**2 - 2*w - 3. Let i be t(5). Calculate the remainder when 12 is divided by (-3)/i - (-42)/8.
2
Suppose 6 = 3*y - 3*h - 66, 24 = y + h. What is the remainder when (-654)/(-14) - (-2)/7 is divided by y?
23
Let q = 10 + -6. Suppose 15*r = 2*r + 715. Suppose -y + r = q*y. Calculate the remainder when y is divided by 6.
5
Let y(r) = 5*r - 2. Suppose -4*b + 24 = -b. What is the remainder when y(5) is divided by b?
7
Suppose 0 = -v - 0 + 2. Suppose -4*p + 3*p = -5. What is the remainder when p is divided by v?
1
Calculate the remainder when 96 is divided by (-2 - -1)/((-10)/250).
21
Suppose 1 + 17 = 2*q. Suppose 7 - 2 = x + w, -3*x + 3*w = -q. Suppose 0 = -0*m - 2*m + 6, -x*u + 121 = 3*m. What is the remainder when u is divided by 10?
8
Suppose -5*a - u = -0*u - 107, 0 = 2*a + 3*u - 48. What is the remainder when a is divided by 6?
3
Let s(n) = -6*n - 5. Calculate the remainder when s(-3) is divided by 6.
1
Let u(i) = i - 5. Let z be u(5). Suppose -3*r + 2*r + 13 = z. What is the remainder when 25 is divided by r?
12
Calculate the remainder when 461*(-4)/(-24) - 2/(-12) is divided by 27.
23
Suppose 15 = n + 5*b - 4*b, b - 45 = -3*n. What is the remainder when n is divided by 4?
3
Suppose -5*y - 5 = 5*j, -2*y + j + 0*j = -4. Suppose q - 5*q = -56. Calculate the remainder when q is divided by y + (-5)/(5/(-4)).
4
Let w(m) = -m**2 + 17*m + 24. What is the remainder when 15 is divided by w(18)?
3
Let z(u) = -2*u + 4. Let y be z(5). Let v(r) = -2*r - 5. Calculate the remainder when v(y) is divided by 3.
1
What is the remainder when 132 is divided by (-1)/(2/(-4 - 26))?
12
Suppose 0 = p - 6*p + 260. What is the remainder when (-1)/1 + p - -2 is divided by 18?
17
Suppose -10*b + 222 = -58. Suppose -y + 4 = -6. Calculate the remainder when b is divided by y.
8
Calculate the remainder when 12 is divided by (1 - (3 - 2)) + 7.
5
Let d = 237 - 134. Calculate the remainder when d is divided by 8.
7
Let h(w) = 3*w**2 + w - 1. Let z be h(1). Let q = z + 5. What is the remainder when 126/q + (-1)/(-4) is divided by 6?
4
Let b = 0 - -4. Suppose 16 = 5*r - 8*d + b*d, -2*r + 2*d = -6. What is the remainder when r is divided by 3?
1
Let u be -1*(-1 + (0 - 9)). Suppose -4*k + 7*k = 4*r + 32, 5*k - 60 = 5*r. Let j = k - u. Calculate the remainder when j is divided by 4.
2
Let x(v) = v**2 - 6*v. Let l be x(3). Suppose 7 = 3*t - 11. What is the remainder when t/l + (-95)/(-3) is divided by 11?
9
Let b be 1 + 0 - (0 - -2). What is the remainder when (18 - 0) + 3 + b is divided by 11?
9
Let g(q) = q**2 - q - 1. Calculate the remainder when 42 is divided by g(4).
9
Suppose 5*p = -1 - 4. Calculate the remainder when 2 is divided by 4 - p/(-2)*4.
0
Let v = -155 - -221. Calculate the remainder when v is divided by 17.
15
Suppose 3*f + 0 = -9, -4*f = -5*l - 123. Let v = 23 + -15. What is the remainder when (-2)/(-9) - 831/l is divided by v?
7
Let d(t) = 3*t**2 + 13*t - 7. What is the remainder when d(-7) is divided by 13?
10
Let m(k) = -30*k**3 + 3*k**2 - 3*k + 2. Let l be m(2). Let v be 2/9 + l/(-9). Suppose 5*r = v + 19. What is the remainder when 15 is divided by r?
6
Let z(f) = f**2 - 6*f - 5. Let k be z(7). Suppose -61 = k*o - 15. What is the remainder when (o/(-3) - -1)*3 is divided by 14?
12
Let a be 270 - -2 - 4/2. Suppose -s = 4*s - a. Suppose -9*b + 137 = 11. What is the remainder when s is divided by b?
12
Suppose -3*f + 147 = -291. Calculate the remainder when f is divided by 49.
48
Suppose -g = -2*g + 5. Suppose g*q = -2*d + 60, -d = 2*d + 5*q - 95. What is the remainder when d is divided by 12?
11
Suppose q = 4*q - 33. Suppose -12 = 5*v - 217. Suppose -v = -s - 0*s. What is the remainder when s is divided by q?
8
What is the remainder when (-1015)/10*18/(-21) is divided by 6?
3
Let c = 0 - 1. Suppose 0 = -x - 3*s + 35, 90 = 4*x - 4*s + 14. What is the remainder when x is divided by 11 + c/(1/(-1))?
11
Let s(h) = -h**2 + 6*h + 2. Calculate the remainder when 16 is divided by s(5).
2
Let r = -64 - -71. Calculate the remainder when 7 is divided by r.
0
Suppose 0 = -5*y - 0*y - 4*s - 10, 13 = 4*y - s. Let a be (-1 + (-1)/(-1))/1. Let c = y + a. Calculate the remainder when 2 is divided by c.
0
Suppose 13 = 2*c - 3. What is the remainder when c is divided by 5?
3
Suppose -b + 4 - 1 = 0. Suppose 4*u = 3*g - 27, 5*g = b*u + 23 + 22. What is the remainder when g is divided by 4?
1
Suppose 5*p - 2 = 5*b - 3*b, -20 = -5*b. Let j be (-1*2)/(p/31). Let d = j + 59. What is the remainder when d is divided by 10?
8
Suppose -2*o + 3*o - 11 = -l, -o = -3. Calculate the remainder when (4/2)/((-14)/(-91)) is divided by l.
5
Suppose 4*w - 2*w - 315 = -5*f, 159 = w + 4*f. Let d = 278 - w. Let p = -71 + d. What is the remainder when p is divided by 18?
16
Let m(s) = -3*s - 2. Calculate the remainder when m(-2) is divided by 1/2 - 3/(-2).
0
Suppose 5*d - 52 = 213. Let z = -8 - -8. Suppose p + p - 36 = z. What is the remainder when d is divided by p?
17
Calculat